osite?
True
Is 23285 prime?
False
Is 1821023 prime?
False
Is 11027 a prime number?
True
Is 20201 a composite number?
False
Is 7327 prime?
False
Is 324161 composite?
False
Is 1998739 composite?
False
Is 939551 a composite number?
False
Is 27847 prime?
True
Is 1477951 prime?
True
Is 289241 composite?
False
Is 5381 a composite number?
False
Is 7411 a composite number?
False
Is 187773 prime?
False
Is 941 a prime number?
True
Is 121717 a composite number?
True
Is 36973 a composite number?
False
Is 1105795 a composite number?
True
Is 5683 prime?
True
Is 3659 a composite number?
False
Is 310337 prime?
False
Is 184441 a prime number?
True
Is 15053 a composite number?
False
Is 45317 composite?
False
Is 20363 a composite number?
True
Is 186061 composite?
True
Is 70867 prime?
True
Is 1259 a composite number?
False
Is 5191 a prime number?
False
Is 14845 prime?
False
Is 12191 prime?
False
Is 53421 a composite number?
True
Is 388203 composite?
True
Is 9719 a prime number?
True
Is 4049 prime?
True
Is 46181 a prime number?
True
Is 1670269 composite?
False
Is 304477 a composite number?
False
Is 6599 a prime number?
True
Is 9335 a composite number?
True
Is 1489627 composite?
False
Is 1012721 a prime number?
True
Is 35381 a prime number?
True
Is 89153 a prime number?
True
Is 73243 prime?
True
Is 3615133 prime?
True
Is 814405 a composite number?
True
Is 28019 a prime number?
True
Is 68767 prime?
True
Is 614953 a prime number?
False
Is 1084177 a prime number?
True
Is 53191 a composite number?
True
Is 128617 a prime number?
False
Is 19259 a composite number?
False
Is 346667 prime?
True
Is 97 composite?
False
Is 207941 a composite number?
False
Is 5045 composite?
True
Is 6163 a prime number?
True
Is 314903 a prime number?
True
Is 31813 a prime number?
False
Is 21467 prime?
True
Is 90295 composite?
True
Is 529 composite?
True
Is 19853 a composite number?
False
Is 5077 prime?
True
Is 26807 composite?
True
Is 21713 prime?
True
Is 15959 a prime number?
True
Is 235159 a prime number?
True
Is 65339 a composite number?
True
Is 112061 composite?
False
Is 15511 a prime number?
True
Is 10847 a prime number?
True
Is 117281 a composite number?
False
Is 58549 composite?
False
Is 22141 a prime number?
False
Is 253 prime?
False
Is 5179 a composite number?
False
Is 62383 a prime number?
True
Is 250489 prime?
True
Is 673541 prime?
False
Is 676843 prime?
False
Is 65261 a composite number?
True
Is 21633 composite?
True
Is 1128097 prime?
False
Is 233173 prime?
True
Is 22874 composite?
True
Is 34149 composite?
True
Is 215653 a composite number?
False
Is 54097 prime?
False
Is 884029 prime?
True
Is 96137 a composite number?
False
Is 211541 prime?
False
Is 1264489 composite?
True
Is 3985 prime?
False
Is 8887 prime?
True
Is 517 a composite number?
True
Is 35318 a composite number?
True
Is 5077 a composite number?
False
Is 20173 a composite number?
False
Is 6377 composite?
True
Is 115963 composite?
False
Is 400567 prime?
False
Is 12799 a composite number?
False
Is 758 composite?
True
Is 13061 a composite number?
True
Is 29213 a composite number?
True
Is 895823 a prime number?
True
Is 60289 a composite number?
False
Is 19385 prime?
False
Is 7079 a composite number?
False
Is 3433 prime?
True
Is 1693 prime?
True
Is 52265 prime?
False
Is 43391 composite?
False
Is 1673317 a prime number?
True
Is 914701 composite?
False
Is 142313 prime?
False
Is 379623 composite?
True
Is 168523 prime?
True
Is 196643 prime?
True
Is 6767 a prime number?
False
Is 295915 a prime number?
False
Is 19121 composite?
False
Is 4399 a prime number?
False
Is 288143 a composite number?
True
Is 13589 a composite number?
True
Is 1693 prime?
True
Is 9563 a prime number?
False
Is 33287 composite?
False
Is 8709 composite?
True
Is 2823 composite?
True
Is 23143 a prime number?
True
Is 159339 composite?
True
Is 17267 composite?
True
Is 11363 prime?
False
Is 36541 a composite number?
False
Is 2339373 composite?
True
Is 2291 a prime number?
False
Is 349702 prime?
False
Is 125471 a prime number?
True
Is 91673 a prime number?
True
Is 61543 a prime number?
True
Is 270841 composite?
False
Is 130297 composite?
True
Is 112679 composite?
True
Is 228409 composite?
False
Is 10427 prime?
True
Is 82457 composite?
False
Is 460523 composite?
True
Is 233851 a composite number?
False
Is 13165 prime?
False
Is 54391 prime?
False
Is 6331 a composite number?
True
Is 510083 composite?
True
Is 1633351 composite?
True
Is 11113 composite?
False
Is 971 a composite number?
False
Is 556993 a composite number?
True
Is 389 a composite number?
False
Is 104147 composite?
False
Is 102347 composite?
True
Is 67937 composite?
True
Is 18839 prime?
True
Is 24305 prime?
False
Is 26947 a prime number?
True
Is 2609 a composite number?
False
Is 18143 prime?
True
Is 1510631 a composite number?
True
Is 9239 prime?
True
Is 45119 a prime number?
True
Is 108991 prime?
True
Is 740647 composite?
True
Is 3079 composite?
False
Is 28151 a prime number?
True
Is 3109 composite?
False
Is 21241 prime?
False
Is 36745 a prime number?
False
Is 259 prime?
False
Is 26797 composite?
True
Is 82261 a prime number?
True
Is 51109 prime?
True
Is 93799 prime?
False
Is 311791 prime?
True
Is 31699 a prime number?
True
Is 201671 a composite number?
True
Is 30335 prime?
False
Is 1970711 prime?
True
Is 46601 a composite number?
False
Is 259679 prime?
False
Is 223681 a composite number?
False
Is 7979 prime?
False
Is 20279 prime?
False
Is 355217 composite?
True
Is 339335 a composite number?
True
Is 20281 prime?
False
Is 216991 composite?
False
Is 240797 a prime number?
True
Is 13963 a prime number?
True
Is 14303 a composite number?
False
Is 194809 a prime number?
True
Is 18661 a prime number?
True
Is 21815 prime?
False
Is 331871 a prime number?
True
Is 32881 composite?
True
Is 3415493 a composite number?
True
Is 348545 prime?
False
Is 7789 prime?
True
Is 790481 a composite number?
False
Is 213533 a prime number?
True
Is 1927 composite?
True
Is 2203 a composite number?
False
Is 165701 prime?
True
Is 7291 a composite number?
True
Is 939071 composite?
True
Is 4063 a composite number?
True
Is 17377 a composite number?
False
Is 7681 prime?
True
Is 81799 a prime number?
True
Is 1709 a prime number?
True
Is 9827 a prime number?
False
Is 1333 a composite number?
True
Is 613957 prime?
True
Is 28009 a prime number?
False
Is 993 a prime number?
False
Is 1918615 a prime number?
False
Is 751 prime?
True
Is 418505 a composite number?
True
Is 589165 composite?
True
Is 46823 composite?
True
Is 2153 a composite number?
False
Is 255043 composite?
False
Is 9611 composite?
True
Is 4223 prime?
False
Is 111451 a composite number?
True
Is 67 a composite number?
False
Is 1457 composite?
True
Is 7168337 a prime number?
False
Is 215533 a composite number?
True
Is 8641 a composite number?
False
Is 158557 composite?
True
Is 65293 prime?
True
Is 1399 prime?
True
Is 1334651 a composite number?
False
Is 399661 a composite number?
True
Is 350881 a composite number?
False
Is 127097 a composite number?
True
Is 478913 a composite number?
False
Is 2293 composite?
False
Is 3957 prime?
False
Is 496207 composite?
True
Is 3037 prime?
True
Is 37403 a prime number?
False
Is 643893 composite?
True
Is 691 composite?
False
Is 31091 a composite number?
False
Is 10243 a prime number?
True
Is 1061 composite?
False
Is 45433 composite?
False
Is 483789 a prime number?
False
Is 132563 prime?
False
Is 14767 composite?
False
Is 12491 composite?
False
Is 35293 prime?
False
Is 16726 composite?
True
Is 6863 prime?
True
Is 11981 a prime number?
True
Is 1525829 prime?
False
Is 6583 a prime number?
False
Is 80113 composite?
True
Is 372223 composite?
False
Is 32111 composite?
True
Is 21685 a composite number?
True
Is 39929 composite?
False
Is 3477097 prime?
False
Is 11631 a prime number?
False
Is 832291 a prime number?
True
Is 19639 a prime number?
False
Is 90179 a prime number?
False
Is 366773 composite?
True
Is 197305 a composite number?
True
Is 524455 prime?
False
Is 1543 a prime number?
True
Is 57163 a composite number?
False
Is 145121 prime?
True
Is 844351 a composite number?
False
Is 198529 a composite number?
False
Is 1361 a prime number?
True
Is 10663 a composite number?
False
Is 48485 composite?
True
Is 24737 a composite number?
True
Is 70939 a composite